393?
3, 11, 307
List the prime factors of 2418.
2, 3, 13, 31
List the prime factors of 5494.
2, 41, 67
List the prime factors of 747.
3, 83
What are the prime factors of 42541?
19, 2239
What are the prime factors of 376?
2, 47
What are the prime factors of 3105?
3, 5, 23
List the prime factors of 13176.
2, 3, 61
What are the prime factors of 3127?
53, 59
List the prime factors of 200.
2, 5
List the prime factors of 755.
5, 151
List the prime factors of 8786.
2, 23, 191
List the prime factors of 23291.
23291
What are the prime factors of 8076?
2, 3, 673
What are the prime factors of 25414?
2, 97, 131
List the prime factors of 558.
2, 3, 31
What are the prime factors of 3853?
3853
List the prime factors of 19048.
2, 2381
List the prime factors of 1063.
1063
What are the prime factors of 25261?
25261
List the prime factors of 2178.
2, 3, 11
List the prime factors of 128.
2
List the prime factors of 4585.
5, 7, 131
List the prime factors of 6350.
2, 5, 127
List the prime factors of 87571.
11, 19, 419
List the prime factors of 676.
2, 13
What are the prime factors of 1066?
2, 13, 41
List the prime factors of 108422.
2, 23, 2357
What are the prime factors of 4799?
4799
What are the prime factors of 817?
19, 43
What are the prime factors of 1592?
2, 199
What are the prime factors of 602?
2, 7, 43
What are the prime factors of 40162?
2, 43, 467
List the prime factors of 14473.
41, 353
List the prime factors of 58646.
2, 7, 59, 71
What are the prime factors of 74394?
2, 3, 4133
What are the prime factors of 367?
367
List the prime factors of 32172.
2, 3, 7, 383
What are the prime factors of 1636?
2, 409
List the prime factors of 17117.
17117
What are the prime factors of 5863?
11, 13, 41
What are the prime factors of 77646?
2, 3, 12941
What are the prime factors of 8529?
3, 2843
List the prime factors of 104875.
5, 839
What are the prime factors of 10044?
2, 3, 31
What are the prime factors of 42789?
3, 17, 839
List the prime factors of 14448.
2, 3, 7, 43
What are the prime factors of 6929?
13, 41
What are the prime factors of 1399?
1399
List the prime factors of 12432.
2, 3, 7, 37
List the prime factors of 1923.
3, 641
What are the prime factors of 12271?
7, 1753
What are the prime factors of 31076?
2, 17, 457
List the prime factors of 48303.
3, 1789
List the prime factors of 66733.
66733
What are the prime factors of 6034?
2, 7, 431
List the prime factors of 2963.
2963
What are the prime factors of 11306?
2, 5653
List the prime factors of 955.
5, 191
List the prime factors of 369.
3, 41
What are the prime factors of 1809?
3, 67
What are the prime factors of 1104?
2, 3, 23
What are the prime factors of 30770?
2, 5, 17, 181
What are the prime factors of 2065?
5, 7, 59
List the prime factors of 2090.
2, 5, 11, 19
List the prime factors of 2717.
11, 13, 19
List the prime factors of 24412.
2, 17, 359
What are the prime factors of 6308?
2, 19, 83
What are the prime factors of 33?
3, 11
What are the prime factors of 1635?
3, 5, 109
List the prime factors of 9400.
2, 5, 47
What are the prime factors of 11139?
3, 47, 79
List the prime factors of 38984.
2, 11, 443
What are the prime factors of 3452?
2, 863
What are the prime factors of 4380?
2, 3, 5, 73
List the prime factors of 2434.
2, 1217
List the prime factors of 3545.
5, 709
What are the prime factors of 66707?
41, 1627
List the prime factors of 31780.
2, 5, 7, 227
List the prime factors of 2985.
3, 5, 199
What are the prime factors of 480?
2, 3, 5
What are the prime factors of 25573?
107, 239
List the prime factors of 12314.
2, 47, 131
What are the prime factors of 1150?
2, 5, 23
List the prime factors of 458.
2, 229
What are the prime factors of 11983?
23, 521
What are the prime factors of 44834?
2, 29, 773
List the prime factors of 536.
2, 67
What are the prime factors of 21511?
7, 439
List the prime factors of 3537.
3, 131
List the prime factors of 4597.
4597
List the prime factors of 81.
3
List the prime factors of 25583.
25583
List the prime factors of 1379.
7, 197
List the prime factors of 108730.
2, 5, 83, 131
What are the prime factors of 14230?
2, 5, 1423
What are the prime factors of 55023?
3, 18341
What are the prime factors of 72138?
2, 3, 11, 1093
What are the prime factors of 819?
3, 7, 13
List the prime factors of 1088.
2, 17
What are the prime factors of 2406?
2, 3, 401
What are the prime factors of 35097?
3, 11699
What are the prime factors of 70684?
2, 41, 431
What are the prime factors of 995?
5, 199
List the prime factors of 22507.
71, 317
List the prime factors of 16461.
3, 31, 59
What are the prime factors of 956?
2, 239
List the prime factors of 125.
5
List the prime factors of 17946.
2, 3, 997
List the prime factors of 322.
2, 7, 23
What are the prime factors of 4798?
2, 2399
What are the prime factors of 2388?
2, 3, 199
What are the prime factors of 1009?
1009
List the prime factors of 17065.
5, 3413
What are the prime factors of 866?
2, 433
What are the prime factors of 3184?
2, 199
What are the prime factors of 56710?
2, 5, 53, 107
List the prime factors of 1551.
3, 11, 47
What are the prime factors of 13063?
13063
List the prime factors of 6297.
3, 2099
List the prime factors of 14909.
17, 877
What are the prime factors of 5555?
5, 11, 101
List the prime factors of 1014.
2, 3, 13
What are the prime factors of 31041?
3, 3449
What are the prime factors of 2349?
3, 29
What are the prime factors of 137337?
3, 45779
List the prime factors of 94895.
5, 18979
What are the prime factors of 5604?
2, 3, 467
What are the prime factors of 15904?
2, 7, 71
List the prime factors of 161983.
161983
List the prime factors of 27872.
2, 13, 67
List the prime factors of 8966.
2, 4483
List the prime factors of 1223.
1223
What are the prime factors of 7522?
2, 3761
What are the prime factors of 12611?
12611
What are the prime factors of 374?
2, 11, 17
List the prime factors of 3772.
2, 23, 41
What are the prime factors of 33308?
2, 11, 757
List the prime factors of 1570.
2, 5, 157
List the prime factors of 119.
7, 17
List the prime factors of 29401.
29401
List the prime factors of 1015.
5, 7, 29
List the prime factors of 1292.
2, 17, 19
List the prime factors of 510.
2, 3, 5, 17
What are the prime factors of 13746?
2, 3, 29, 79
List the prime factors of 1870.
2, 5, 11, 17
What are the prime factors of 6857?
6857
What are the prime factors of 692?
2, 173
What are the prime factors of 1197?
3, 7, 19
What are the prime factors of 117589?
17, 6917
What are the prime factors of 4867?
31, 157
List the prime factors of 545.
5, 109
What are the prime factors of 905?
5, 181
List the prime factors of 2869.
19, 151
What are the prime factors of 2528?
2, 79
What are the prime factors of 8660?
2, 5, 433
What are the prime factors of 51633?
3, 5737
What are the prime factors of 91713?
3, 19, 1609
List the prime factors of 61361.
43, 1427
List the prime factors of 320.
2, 5
List the prime factors of 30409.
47, 647
List the prime factors of 894.
2, 3, 149
What are the prime factors of 11405?
5, 2281
What are the prime factors of 47841?
3, 37, 431
What are the prime factors of 3096?
2, 3, 43
List the prime factors of 5961.
3, 1987
List the prime factors of 22271.
22271
List the prime factors of 1643.
31, 53
What are the prime factors of 147129?
3, 49043
What are the prime factors of 4208?
2, 263
List the prime factors of 616.
2, 7, 11
What are the prime factors of 6198?
2, 3, 1033
List the prime factors of 42859.
42859
List the prime factors of 62951.
7, 17, 23
List the prime factors of 45260.
2, 5, 31, 73
List the prime factors of 50741.
50741
List the prime factors of 11613.
3, 7, 79
What are the prime factors of 1048?
2, 131
What are the prime factors of 2322?
2, 3, 43
List the prime factors of 2696.
2, 337
List the prime factors of 731.
17, 43
List the prime factors of 1856.
2, 29
List the prime factors of 57714.
2, 3, 9619
List the prime factors of 63325.
5, 17, 149
List the prime factors of 9896.
2, 1237
What are the prime factors of 22399?
13, 1723
List the prime factors of 5521.
5521
List the prime factors of 379.
379
List the prime factors of 2814.
2, 3, 7, 67
What are the prime factors of 2993?
41, 73
List the prime factors of 9456.
2, 3, 197
List the prime factors of 1425.
3, 5, 19
List the prime f